 base 16?
-1ac
-102220221 (base 3) to base 15
-2897
-70 (base 16) to base 6
-304
Convert -4421 (base 6) to base 12.
-711
What is 1220 (base 13) in base 6?
15505
What is -120022212 (base 3) in base 13?
-5117
What is -13665 (base 7) in base 11?
-2919
What is 1609 (base 13) in base 3?
11102021
-25644 (base 8) to base 5
-324142
f96 (base 16) to base 5
111430
Convert -100010 (base 3) to base 5.
-1441
What is 4914 (base 10) in base 5?
124124
Convert -25130 (base 6) to base 14.
-1502
Convert -6261 (base 7) to base 6.
-14103
What is 17b6 (base 15) in base 16?
1401
What is -a62 (base 15) in base 11?
-183a
62b8 (base 15) to base 16
5189
172 (base 12) to base 16
e6
-210630 (base 7) to base 4
-20313222
What is 676 (base 11) in base 16?
329
Convert 435 (base 6) to base 11.
142
Convert -3437 (base 11) to base 14.
-1909
What is -a2 (base 12) in base 6?
-322
10320 (base 4) to base 5
2222
What is -22346 (base 7) in base 16?
-1625
-13033320 (base 4) to base 6
-345240
Convert 16873 (base 12) to base 10.
32343
What is -2414 (base 9) in base 8?
-3403
3040 (base 7) to base 10
1057
Convert -10000101110 (base 2) to base 8.
-2056
Convert 10322123 (base 4) to base 14.
7495
What is 3743 (base 11) in base 5?
124022
Convert -940 (base 11) to base 9.
-1488
-10221200 (base 3) to base 12
-1800
What is 110112 (base 4) in base 16?
516
What is -13040 (base 6) in base 16?
-7b0
What is 11110001000 (base 2) in base 5?
30203
What is -46101 (base 9) in base 14?
-b28c
-39aa7 (base 11) to base 15
-11e54
What is -10801 (base 10) in base 7?
-43330
-1011220 (base 3) to base 2
-1101011101
27997 (base 12) to base 2
1101011011000011
What is 5145 (base 6) in base 12?
7b5
123c (base 14) to base 5
100230
-1387 (base 10) to base 5
-21022
Convert 629b (base 12) to base 7.
43262
-11287 (base 12) to base 13
-a531
10100101101001 (base 2) to base 16
2969
What is -11100100011 (base 2) in base 16?
-723
1421 (base 8) to base 5
11120
What is -12896 (base 10) in base 2?
-11001001100000
Convert -147 (base 8) to base 9.
-124
Convert -113e (base 15) to base 10.
-3659
-22263 (base 7) to base 14
-20a3
-172 (base 13) to base 11
-219
Convert 2250 (base 14) to base 5.
142300
What is 4043 (base 5) in base 10?
523
-1304 (base 8) to base 13
-426
-c5 (base 16) to base 13
-122
-121001 (base 8) to base 10
-41473
What is 188 (base 13) in base 7?
551
1010101010110 (base 2) to base 10
5462
Convert 3510 (base 6) to base 13.
4c2
Convert -3043 (base 5) to base 9.
-482
Convert -272 (base 13) to base 12.
-2bb
Convert 304 (base 5) to base 3.
2221
Convert -20526 (base 7) to base 15.
-177c
What is 464 (base 8) in base 16?
134
Convert 16606 (base 7) to base 2.
1001010010111
1902 (base 12) to base 3
11011002
What is -151532 (base 6) in base 10?
-14672
Convert 370 (base 14) to base 13.
40a
Convert -1100110 (base 2) to base 7.
-204
Convert -1011110110111101 (base 2) to base 3.
-2110122000
-2b9 (base 14) to base 15
-270
Convert -1591 (base 13) to base 15.
-e0a
4021 (base 12) to base 11
5237
Convert -13728 (base 9) to base 6.
-111125
1a85 (base 13) to base 6
30300
Convert -331340 (base 5) to base 2.
-10110011001110
What is -20534 (base 6) in base 3?
-10211111
What is 3650 (base 10) in base 16?
e42
-753 (base 9) to base 2
-1001100111
Convert -11830 (base 10) to base 6.
-130434
What is 1132 (base 10) in base 15?
507
Convert -268 (base 10) to base 14.
-152
759 (base 15) to base 7
4560
47be (base 15) to base 14
57b8
What is 250 (base 10) in base 4?
3322
11301 (base 4) to base 6
1413
Convert 103414 (base 7) to base 14.
680b
-93 (base 16) to base 8
-223
-55258 (base 9) to base 2
-1000111100111001
What is -9059 (base 10) in base 15?
-2a3e
What is 126113 (base 7) in base 2?
101110010101110
What is -41410 (base 8) in base 3?
-212112120
What is -110320 (base 4) in base 7?
-3616
646 (base 9) to base 2
1000010000
Convert -100011 (base 3) to base 15.
-117
-224505 (base 6) to base 9
-28285
Convert -113140 (base 6) to base 11.
-7391
What is 466 (base 12) in base 10?
654
-1030 (base 5) to base 11
-118
16303 (base 9) to base 7
44412
What is 312 (base 14) in base 2?
1001011100
13050 (base 6) to base 16
7b6
Convert 1556 (base 10) to base 6.
11112
Convert 10010110 (base 2) to base 6.
410
Convert 201210 (base 3) to base 8.
1026
Convert 2168 (base 13) to base 14.
19a1
What is -326 (base 15) in base 2?
-1011000111
What is -1550 (base 13) in base 6?
-22215
What is -1111011100011010 (base 2) in base 6?
-1204510
What is 101001010011 (base 2) in base 15?
bb3
What is -1714 (base 9) in base 4?
-110131
Convert -21710 (base 10) to base 5.
-1143320
c48 (base 13) to base 6
13400
88a (base 12) to base 7
3445
101000101011110 (base 2) to base 11
14717
What is 420231 (base 6) in base 5?
2040122
What is 16433 (base 8) in base 14?
2a03
What is 4002 (base 5) in base 4?
13312
Convert 1302 (base 4) to base 8.
162
What is -11121 (base 3) in base 16?
-7c
What is 120200 (base 3) in base 16?
1a7
-149 (base 15) to base 3
-101220
What is 520012 (base 6) in base 11?
2918a
Convert -6ae8 (base 15) to base 7.
-123143
21110 (base 8) to base 7
34405
1122222020 (base 3) to base 2
1000000000010000
306 (base 11) to base 8
561
Convert -4967 (base 10) to base 13.
-2351
Convert 2bd4 (base 14) to base 7.
31554
Convert 31336 (base 8) to base 12.
7652
Convert 377 (base 15) to base 12.
557
What is 12010 (base 3) in base 13?
a8
-110011 (base 7) to base 13
-8992
Convert -48 (base 15) to base 14.
-4c
What is -1000010010011 (base 2) in base 14?
-1791
Convert 10316 (base 12) to base 11.
14a10
-9a9 (base 12) to base 14
-73b
What is 16834 (base 13) in base 5?
2340023
Convert -312153 (base 6) to base 3.
-1021110120
What is 11010011 (base 2) in base 7?
421
1000000100010100 (base 2) to base 8
100424
Convert 240444 (base 5) to base 7.
34605
What is 3852 (base 13) in base 12?
4776
Convert 377 (base 10) to base 4.
11321
-373 (base 11) to base 8
-673
What is -271 (base 15) in base 10?
-556
What is -10111011101 (base 2) in base 5?
-22001
What is 5443 (base 10) in base 9?
7417
What is -1590 (base 15) in base 3?
-20100200
What is -10000000010010 (base 2) in base 5?
-230320
59 (base 11) to base 7
121
What is -5365 (base 11) in base 3?
-100201120
What is -50 (base 10) in base 2?
-110010
What is 14430 (base 8) in base 6?
45424
Convert 19 (base 15) to base 6.
40
Convert -6274 (base 8) to base 15.
-e75
201010 (base 4) to base 2
100001000100
Convert -6533 (base 7) to base 3.
-10012012
Convert 10111100000100 (base 2) to base 4.
2330010
-1011010001 (base 2) to base 14
-397
Convert 456 (base 13) to base 14.
3b5
Convert 22222001 (base 3) to base 12.
3947
Convert -125215 (base 6) to base 10.
-11531
What is -8470 (base 11) in base 2?
-10101111001001
Convert -106 (base 11) to base 16.
-7f
3211 (base 4) to base 7
445
Convert -33224 (base 5) to base 6.
-14414
What is 16 (base 15) in base 11?
1a
-504 (base 14) to base 12
-6a0
Convert -61156 (base 9) to base 2.
-1001110100100011
What is -a46 (base 11) in base 10?
-1260
2032 (base 6) to base 12
318
254525 (base 7) to base 2
1011100010010111
Convert 144531 (base 6) to base 13.
64c9
What is 1000011100 (base 2) in base 14?
2a8
-5620 (base 8) to base 2
-101110010000
What is 51d (base 15) in base 14?
5c5
-12101121 (base 3) to base 2
-111101011011
Convert 2100 (base 8) to base 16.
440
-303224 (base 6) to base 4
-11320000
What is -10b68 (base 15) in base 14?
-1555c
What is -2755 (base 8) in base 15?
-6b2
Convert -41c8 (base 14) to base 4.
-2301110
-6c7 (base 15) to base 10
-1537
Convert -312 (base 14) to base 5.
-4404
22562 (base 8) to base 11
7225
Convert 14560 (base 12) to base 11.
1a405
Convert -110000100001001 (base 2) to base 5.
-1243331
-1080 (base 10) to base 6
-5000
1031 (base 4) to base 8
115
Convert 200102 (base 3) to base 14.
277
Convert -36252 (base 9) to base 7.
-130514
What is 1a82 (base 11) in base 16?
a47
What is 1100000 (base 2) in base 8?
140
Convert 33032 (base 4) to base 15.
44e
432 (base 15) to base 10
947
Convert -214224 (base 5) to base 14.
-29d5
43826 (base 11) to base 14
19237
-2312010 (base 4) to base 9
-16876
Convert 3354 (base 8) to base 12.
1038
What is -3131 (base 10) in base 11?
-2397
What is -3b (base 14) in base 5?
-203
678 (base 15) to base 11
1110
Convert 21313213 (base 4) to base 3.
2001110011
11201 (base 3) to base 9
151
Convert 240 (base 9) to ba